+ 4*z - 21. Let r(v) = -15*v - 82. Give r(y).
-7
Let t(j) = 4*j**3 + 191*j**2 + 21*j + 20. Let o(y) = y**3 + 46*y**2 + 5*y + 5. Let w(k) = 25*o(k) - 6*t(k). Give w(-5).
-15
Let r(a) be the third derivative of a**5/60 - 7*a**4/24 + 5*a**3/6 + 10*a**2. Suppose -16*x + 77 = -35. Calculate r(x).
5
Let z(j) be the third derivative of j**4/12 - 59*j**3/6 + 4*j**2 - j - 55. Determine z(18).
-23
Let n = 73 - 60. Suppose 18*t + n*t = 186. Let s(j) = 2*j - 4. Determine s(t).
8
Suppose 5*m + 481 = 2031. Let n(d) = -305*d - 5 + 1 + m*d. Determine n(-3).
-19
Let i(v) = 0*v**2 - 15*v**2 - v**3 + v**2 + 14*v - 14. Let h be i(-15). Let p(d) = 2 - d**2 - h + 0*d**2 - 4*d**2. What is p(-1)?
-4
Let v(w) = -3134 - 2*w + 1571 + 1571. Let l = 4 + 3. Give v(l).
-6
Let b(i) = -i**3 + 5*i**2 - 2*i + 4. Let o(a) = -a**2 - a + 40. Let l be o(0). Suppose 17*x + l = 25*x. Give b(x).
-6
Let u(k) = -2*k + 6. Let l be u(6). Let z = 189 + -184. Let r(g) = 3*g - 2*g - z*g - 6*g - g**2 - 9. What is r(l)?
15
Let q(p) = 15*p**2 - 10*p - 2. Let t be q(4). Let b(v) = -t*v + 99*v - v**3 + 10 + 100*v + v**2. Determine b(0).
10
Let u(v) = -316*v - 42 + 976*v - 322*v - 331*v. What is u(19)?
91
Let a(n) = -21 + n**2 - n + 9 - 11 + 28 - 3*n**2. Determine a(-3).
-10
Let d(y) = 4*y - 3. Suppose 329*c - 48 = 321*c. Suppose q + 0*o - 2 = -3*o, -3*q + 4*o = -c. What is d(q)?
5
Let r(a) = -a + 11. Suppose -7 = -117*k + 125*k - 95. Determine r(k).
0
Suppose 1449*t - 1141*t - 4004 = 0. Let w(d) be the first derivative of d**2 - 28*d + 1. Give w(t).
-2
Let w(q) be the third derivative of 0*q + 1/2*q**3 + 1/120*q**6 + 92*q**2 + 0 + 5/24*q**4 - 1/12*q**5. Let p be 2/(2/(-4) - -1). Determine w(p).
7
Suppose -7*j = -1696 - 677. Let d = j + -327. Let l(a) = a + 4. Give l(d).
16
Let t(u) be the first derivative of 186 + 16*u - 13/3*u**3 + 1/2*u**2 - 1/4*u**4. What is t(-13)?
3
Suppose 2*c + 35 = q, q + 17 = -c + 7. Let v(l) = -l**2 - 25*l - 156. Let j be v(c). Let w(r) = -r**2 - 10*r - 25. Give w(j).
-1
Let m(y) = -4*y**2 + 3*y**2 + y + 2 - 5*y - 3 + 0*y. Let x be 1/1*32/(-4). Let v = 5 + x. Give m(v).
2
Let k(w) = w - 7. Let d be k(8). Let h(u) be the second derivative of -7*u**3/6 - 2*u - 3653. What is h(d)?
-7
Let v(f) = -f + 31. Let b be (32 + -20)*4/(-6). Determine v(b).
39
Let v be 13/4*16/4. Let f be v/2 - 2/8*-2. Let l(n) = -n**3 + 6*n**2 + 7*n - 7. Determine l(f).
-7
Let f(k) = -61*k + 2380. Let u be f(39). Let m(h) = -43*h + 34. What is m(u)?
-9
Let x(m) = 6*m**3 - 35*m**2 + 9*m - 95. Let y be x(6). Let h(i) = i**3 + 6*i**2 - 3*i - 50. Determine h(y).
-10
Let h(z) be the third derivative of 1/6*z**5 - 3/2*z**3 + 124*z**2 - 1/120*z**6 + 0 - 7/24*z**4 + 0*z. Give h(9).
9
Let d be (-53)/159 + (-1)/(3/(-13)). Suppose -2*h - 4*r - 2 = 0, r = d*h - 2 - 12. Suppose 6 + 6 = -5*j - h*n, 2*n + 4 = -2*j. Let v(a) = a + 6. Give v(j).
3
Let m(q) be the second derivative of -41*q**3/3 + 251*q**2/2 + 1119*q. Give m(3).
5
Let f be (-5*20/(-125))/((-4)/20). Let q(l) = -2*l**2 + 9*l - 5. Let x(u) = -3*u**2 + 10*u - 5. Let y(t) = -4*q(t) + 3*x(t). Determine y(f).
13
Let u(c) = -c**2 - 3*c. Let o be u(-2). Let p(j) = 34*j + 174. Let l be p(-5). Let i(x) = 2*x - x**2 - l*x**2 + 2*x - x**3 - 1 + 6*x**2 - 2*x. Give i(o).
-1
Let i(y) = -136*y**3 + 15*y**2 - 7*y + 2. Let w(k) = 204*k**3 - 21*k**2 + 10*k - 3. Let l(p) = 7*i(p) + 5*w(p). Calculate l(1).
68
Let a = 180 - 256. Let r = 80 + a. Let t(s) = -3*s. Let o(j) = -2*j + 1. Let f(b) = -5*o(b) + 4*t(b). Give f(r).
-13
Let k(t) = -2*t**2 - 8*t + 2. Let a(q) = 4*q**3 - 47*q**2 - 21*q + 112. Let c be a(12). Give k(c).
-62
Let w(k) = k**3 + 5*k**2 + 5*k. Let t(p) = -p - 13. Let v be t(5). Let x = v - -22. Suppose 5*i = -5*z - 25, -2*z - x*i - 14 = -2. What is w(z)?
-4
Let x(z) = -z**2 - 13*z - 17. Let v(r) = -2*r**3 + r**2 - 2. Let h be v(0). Give x(h).
5
Let h(f) = -f**3 + f**2 + f + 1. Let c(q) = 2*q**3 - 10*q**2 - q + 3. Let v(n) = -c(n) - 3*h(n). Calculate v(-7).
8
Let h = -33391 - -33394. Let u(d) be the first derivative of -1/3*d**h - 4*d - 37 - 5/2*d**2. Give u(-3).
2
Let b(h) = 3*h**3 - 4*h**2 + 6. Suppose -4*m + 8 = -3*c, 8*m - c = 4*m + 8. Give b(m).
14
Let b(s) be the first derivative of 10*s**2 + 0*s - 29 - 1/24*s**4 - 1/6*s**3. Let t(x) be the second derivative of b(x). Calculate t(5).
-6
Let p(q) be the third derivative of -q**4/4 + 17*q**3/3 + 15*q**2. Let a be p(5). Let w be 320/(-56) + a/(-14). Let f(z) = z**2 + 7*z - 5. What is f(w)?
-11
Let d(x) = 4*x**2 + 18*x + 39. Let g(n) = -7*n**2 - 17*n - 45. Let a(l) = 3*d(l) + 2*g(l). What is a(11)?
5
Let z(r) = -r**2 - 7*r + 22. Let j be 1351/(-386)*(-12)/(-7). Give z(j).
28
Let b(t) be the second derivative of -t**7/840 - 7*t**6/360 + t**5/120 + 43*t**3/3 + t - 34. Let c(z) be the second derivative of b(z). What is c(-7)?
-7
Let u(c) = c. Suppose -5*r - 5*h = -5, -5 = 35*h - 30*h. Let d(i) = i**2 + 17*i - 29. Let q be d(r). Calculate u(q).
9
Let f = -16837 - -16838. Let v(t) = 26*t - 38. Give v(f).
-12
Let k(l) = 2*l**2 + 1 - 10*l + 29*l - 15*l + 0*l**2. Let a(x) = -27*x**2 - 351*x - 3. Let b be a(-13). Give k(b).
7
Let z = -70 + 54. Let i be ((-1)/(-2))/(z/(-56))*4. Let h(s) = 2*s + 4*s**2 - 27 + 28 + 2*s - i*s. Calculate h(2).
11
Let v(u) = 7*u**2 - 10. Suppose 3*t + 4 = -32. Let r be ((-4)/(-8))/(1/t). Let q(g) = g**2 - g. Let a(k) = r*q(k) + v(k). Give a(-7).
-3
Let m be 2/4*(7 + 1). Let j be ((2*-6)/(-3) - -3) + m. Let l(x) = x**2 - 10*x - 13. Determine l(j).
-2
Let i(q) = -q**3 - 8*q**2 + 2*q - 8. Let s(o) = 3*o**2 + 24*o - 101. Let w be s(6). Let t = 143 - w. Determine i(t).
-24
Suppose 0 = l + 3*u - 3, -5*l = -22*u + 17*u - 15. Let k(n) be the third derivative of -n**4/24 + n**3/3 + 2*n**2 + 4*n. Determine k(l).
-1
Let w(a) be the first derivative of 3*a**2 - 7*a - 1311. What is w(-5)?
-37
Let x(m) be the first derivative of -m**4/4 - 5*m**3/3 - m - 6892. Let t be 2/(-9) - (-274)/18. Suppose -c - t = 2*c. Calculate x(c).
-1
Suppose 15*o + 1121 = -4*o. Let n = o + 64. Let q(z) = z**2. Let m(x) = 4*x**2 + 5*x - 3. Let g(d) = m(d) - 5*q(d). Calculate g(n).
-3
Let s(r) = r**3 - 5*r**2 + 4*r. Suppose 0 = 7*y + 9*y - y - 60. Calculate s(y).
0
Suppose 2*b + 0*b - 12 = 4*p, 5*b - 5*p - 40 = 0. Let s = 14 - b. Let q(v) be the third derivative of -5*v**4/24 + v**3/2 - 1723*v**2. Determine q(s).
-17
Let s(f) be the third derivative of 0*f + 1/12*f**4 + 1/15*f**5 - 2*f**2 + 0 + 1/2*f**3. Suppose -123*n - 302 = -56*n + 84*n. What is s(n)?
15
Let o(g) = g - 12. Let y(u) = -4*u + 39. Suppose 5 = d - 16*n + 13*n, 9 = 5*d + n. Let f(s) = d*y(s) + 7*o(s). Let b = -10 - -4. Give f(b).
0
Let z(w) = 3*w + 1. Suppose 5*n = -3*j - 4 + 5, 0 = -4*j - 12. Let g(a) = -17*a - 6. Let o(x) = n*g(x) + 11*z(x). Determine o(10).
-11
Let q(z) = -z**2 + z + 1. Suppose 30*a + 37 = 67*a. Let u = -2 + -3. Let g(x) = -6*x**2 + x + 8. Let l(t) = a*g(t) + u*q(t). Determine l(-4).
3
Let b be ((-12)/9)/((-6)/270*3). Suppose 16 = -0*v + 3*v - q, -4*q + b = 0. Let z(m) = m**3 - 5*m**2 - 11*m + 8. Give z(v).
29
Let y(i) be the third derivative of -1/120*i**6 + 0*i - 2/3*i**3 - 1/15*i**5 - 1/8*i**4 + 0 - 52*i**2. What is y(-4)?
8
Let j(z) = z**2 - 11*z - 34. Suppose 1353*m = 1348*m + 65. What is j(m)?
-8
Let v(t) = 4*t**3 - 8*t**2 - 5*t - 24. Let d(a) = -a**3 + 4*a**2 + 3*a + 11. Let h(s) = 5*d(s) + 2*v(s). What is h(-3)?
-53
Let n(h) = -h**3 + 5*h**2 + h - 7. Let c = 1200 + -1197. What is n(c)?
14
Let c(d) be the third derivative of d**7/5040 - d**6/240 - 67*d**5/60 - d**4/24 + 206*d**2. Let u(k) be the third derivative of c(k). Determine u(-2).
-5
Let m(r) = 4*r - 64. Let h be 378/252 - 54/(-4). What is m(h)?
-4
Suppose -i = -5, 2*i - 4*i - 25 = -5*c. Let b = -3 + c. Let d(a) = -a**2 - 85*a + 8 - 90*a - 86*a + 264*a - 10. What is d(b)?
-6
Suppose 0*z = -z + 1. Let h(o) be the first derivative of 14*o**2 - o - 158. Let b(v) = -23*v + 1. Let w(r) = 7*b(r) + 6*h(r). Determine w(z).
8
Let a(l) = -l**3 - 3 + 4 + 2*l**2 + 5*l + 0*l**2. Suppose 43*t - 81 = 134. Suppose 2*u = -0*n + 2*n + 6, u + 1 = t*n. Determine a(u).
-11
Let x(s) = -4*s**3 - 3*s**2 + 7*s - 4. Let v(b) = 3*b**3 + 4*b**2 - 7*b + 5. Suppose 4*y - 47 + 55 = 0. Let c(j) = y*x(j) - 3*v(j). Determine c(-7).
-7
Let h(d) = 6*d**2 + 7*d + 8. Let s(l) = 7*l + 79*l**2 - 36*l**2 + 9 - 2 - 3